me?
True
Let u(t) = t**3 - 4*t**2 + 3*t - 2. Let q be u(3). Is (2 - -53) + 4/q composite?
False
Is ((-46)/(-4))/((-8)/(-80)) a composite number?
True
Suppose -2*b + b = -5*h + 285, 5*b = 0. Suppose z = 4*z - h. Is z a composite number?
False
Is 44/(-8)*-10 + 4 a composite number?
False
Let d = 79 - 42. Suppose -b + 4*k + 8 = 0, 0 = 3*b + 2*k + 9 + d. Let x = -6 - b. Is x prime?
False
Let n = -3 - -3. Suppose n = 4*u + 20, 5*u = 3*b - 300 - 463. Let c = -155 + b. Is c composite?
True
Suppose -8*c = n - 3*c + 280, -2*n + 5*c = 590. Let o = n - -613. Is o a prime number?
False
Let d(b) be the second derivative of 4*b**3/3 + 7*b**2/2 + 2*b. Let w be d(6). Let j = w - 33. Is j a composite number?
True
Let i = -295 + 1135. Let l = i + -341. Is l composite?
False
Let l(h) = 58*h**2 - 2. Let j be l(2). Let t be 2 - (-5 + (-1 - -4)). Suppose -t*m = m - j. Is m a prime number?
False
Let k(f) = 6*f**2 - 4*f + 3. Let l(h) = -h + 2 + 0 - h - 1. Let g be l(-2). Is k(g) a prime number?
False
Let k = -5 - -3. Let w be (-3)/k*(-100)/(-3). Let m = 101 - w. Is m a prime number?
False
Let m(t) = t**3 + 9*t**2 + 8*t - 4. Let i be m(-8). Let s = 3 + i. Is -28*(2/4 + s) a composite number?
True
Let d be 2/12 + 197/6. Suppose -h + 0*h + 2*w = -33, -h = -5*w - d. Is h a prime number?
False
Suppose 5*b - 5 = -15. Let q(t) = -t**3 - 1. Let d(k) = 7*k**3 + k**2 + 4*k + 4. Let m(n) = -d(n) - q(n). Is m(b) prime?
False
Suppose 0 = a - u - 2*u - 2796, -a = -2*u - 2801. Is a composite?
True
Let m be 0*((-9)/6)/3. Suppose v = -m + 4. Is v composite?
True
Suppose -r - 5*c = -176, -r + 217 - 36 = 4*c. Is r a prime number?
False
Let m be (-20)/((-4)/2)*1. Suppose 0 = 3*g + c, 0 = 2*g + g + 4*c. Suppose -7 + 98 = 4*z - 3*o, -2*o - m = g. Is z prime?
True
Let c(n) = -n**3 - 6*n**2 - 10*n - 7. Let x(g) = g**3 - 5*g**2 + 3*g - 2. Let y be x(4). Is c(y) prime?
True
Let t(h) = 2*h**3 + 4*h**2 + 7*h - 11. Let y be t(5). Suppose -w + 9*j - 4*j = -98, 3*w = -5*j + y. Is w a prime number?
False
Suppose z = 2*z - 3, 3*k = 5*z + 342. Is k a composite number?
True
Suppose 3*a - 1025 = -2*a. Is a a composite number?
True
Let q(l) be the third derivative of 13*l**5/60 - l**4/12 - l**3/6 + 3*l**2. Is q(-1) composite?
True
Suppose 5*w + 2*k = -2*k + 29, -k + 16 = 3*w. Let f(q) = -q**2 + q - 1. Let l(x) = 3*x**2 + 3*x + 3. Let d(u) = 2*f(u) + l(u). Is d(w) a prime number?
False
Let l = -19 + 50. Is l prime?
True
Let o be 3/(-2)*8/6. Let w(i) be the second derivative of -i**5/4 + i**4/6 + i**3/3 + i**2 + 22*i. Is w(o) a composite number?
True
Suppose 26 = 2*s - 20. Let b = s - 2. Suppose -4*v = h - b, h + 2*v - 25 = -v. Is h a prime number?
True
Let p(t) = t - 1. Let v be p(-8). Let q be v/(-2) + 3/6. Suppose -q*c = k - 280, c + 2*k - 60 = k. Is c prime?
False
Let m(d) = d**3 + 3*d**2 - 3*d - 4. Let y be m(-3). Let z(v) = 4 - v**2 + 2*v**2 + 4*v + 1 - 5*v. Is z(y) a composite number?
True
Let r = -8 + 7. Is (-1668)/(-4) - (r - 1) composite?
False
Let s = -137 + 71. Let j = 8 - s. Is j prime?
False
Let t = 8 - 3. Suppose 0 = 4*r - 3*p - 215, 5*r + t*p - 101 = 3*r. Is r composite?
False
Is 8/(-3)*(-447)/4 a composite number?
True
Suppose 4*a = 5 + 3. Is (-79)/(-2 - (1 - a)) prime?
True
Let t = -1074 - -1523. Is t a prime number?
True
Let b be 2/4*59*2. Suppose -52 = -3*s + b. Is s a prime number?
True
Suppose 5*k - 826 - 3569 = 0. Is k prime?
False
Let m(s) = -s + 9. Let a(w) = 4*w - 3. Let c be a(3). Let r be m(c). Let b(g) = -g + 38. Is b(r) composite?
True
Suppose -2*w + 0*w = -6. Let v(i) be the third derivative of i**4/8 + i**3/3 - i**2. Is v(w) a composite number?
False
Let r(j) = 12*j**2 - 1. Let a be r(1). Let q(t) = 4*t + 3. Is q(a) a composite number?
False
Is ((-422)/3)/(4/(-6)) a prime number?
True
Suppose -u + 6246 = 737. Is u a prime number?
False
Let c(m) = -3*m - 5. Let y be c(4). Let b be (y/(-1))/(4/36). Suppose b = 3*n - 84. Is n composite?
False
Let i(a) = 4*a + 9. Let f be i(-6). Is (110 + -1)*(-8 - f) prime?
False
Suppose 2*m - 6 = -m. Let q be (4 - 7)*(-2)/2. Suppose -m*v = q*v - 395. Is v composite?
False
Suppose -4*c - 149 = -5*c. Is c composite?
False
Let o(c) = -3*c**2 + 8*c + 9. Let l(j) = 2*j**2 - 9*j - 8. Let b(t) = -2*l(t) - 3*o(t). Is b(6) composite?
True
Suppose -10*h + 5073 = -1717. Is h composite?
True
Let z = 6 - 6. Suppose -x + 6*x - 190 = z. Is x prime?
False
Let t = 7450 - 4947. Is t a prime number?
True
Suppose -2*v = -4*v + 10. Let l(n) be the first derivative of n**4/4 - 2*n**3/3 + 4*n + 2. Is l(v) composite?
False
Let o be ((-4)/(-4))/((-2)/(-20)). Let y be 4/o - 76/(-10). Suppose -244 = -4*s - y. Is s a composite number?
False
Suppose -2*z = -z. Suppose -w + 0*w + 49 = z. Is w composite?
True
Let n = -4 - 2. Let j = n - -8. Suppose -j*t - 119 = -3*t. Is t composite?
True
Is 791 - ((0 - 4) + 8) composite?
False
Suppose 0 = -5*f - l - l + 4531, -3*f + 3*l = -2727. Is f a prime number?
True
Let y = -291 + 549. Let a be y/4*2/3. Let h = 190 + a. Is h a prime number?
True
Is ((-689)/26)/((-1)/2) prime?
True
Let c be 4/(-18) - 60/(-27). Is (121/c)/(3/6) composite?
True
Let x = 8 + -10. Let i(s) = -2*s + 2*s**2 - s + 5*s. Is i(x) a prime number?
False
Suppose 2*h + 43 - 11 = 2*p, 0 = -5*p. Let w = 23 + h. Is w composite?
False
Let d(f) = 3*f**2 + 2. Let p(m) = -4*m**2 - 3. Let h(v) = -5*d(v) - 4*p(v). Let z(l) = l**3 - 4*l**2 - 5*l - 2. Let q be z(5). Is h(q) prime?
False
Suppose 0 = 5*p - 51 - 64. Suppose 0 = -3*d + p + 76. Is d prime?
False
Let c = 123 - 46. Is c composite?
True
Let r be (-2)/(-6) + (-2)/6. Suppose 15 = 5*l, -l + 1 = v - r*l. Is (-106)/(-4)*(-4)/v composite?
False
Is 2282/18 + 4/18 prime?
True
Let j = 3 - 5. Let i(b) = 20*b**2 + 4*b - 3. Let s(k) = -30*k**2 - 6*k + 5. Let o(d) = 8*i(d) + 5*s(d). Is o(j) a composite number?
False
Suppose r = -148 + 905. Is r a prime number?
True
Let b be -2 + 14*4/8. Suppose 0 = -g + b*l + 357, 0*g - 5*g = 2*l - 1893. Is g prime?
False
Suppose 5*h - 340 = 4*t - t, -100 = t + h. Let z = 54 + t. Let j = z - -89. Is j a composite number?
True
Let f be 155 + 0*2/6. Is f - 1/(3/(-6)) prime?
True
Is 1657*((-3)/(-3) + 0/(-2)) composite?
False
Let z be 15*(12/9)/2. Let u = 27 + z. Suppose 0*i + u = i. Is i a prime number?
True
Let d = 7 + -2. Let x = 0 + 2. Suppose -x - d = -t. Is t a prime number?
True
Let v(t) = 41*t**2 - 17*t - 53. Is v(-4) a composite number?
True
Let s(p) = -p**3 + 5*p**2 + p - 1. Let x be s(5). Suppose 29 = -x*c + 377. Is c composite?
True
Let m = 6 - 15. Let u(y) = -8*y - 1. Is u(m) a composite number?
False
Let q be ((-6)/(-9))/(2/(-246)). Suppose -19 = -b - 66. Let f = b - q. Is f a composite number?
True
Let i(z) = 3 + z + 2 - 4. Let y be i(2). Is 3 - (y - 7)*13 composite?
True
Suppose -3*q = -5*p - 21, -4*q + 2 = -p - 9. Suppose -2*c + 748 = q*c. Is c a composite number?
True
Suppose -13783 = -12*x + x. Is x a composite number?
True
Suppose -10*l = -2399 - 2971. Is l composite?
True
Let c(d) = 2*d - 4. Let x be c(3). Let g be x + 9/3 - 2. Suppose 190 = 5*y - 5*s + 65, 2*y - g*s = 50. Is y composite?
True
Let f(m) = -m**3 - 2*m + 1. Let d be f(-2). Suppose -3*s = g - 5, -7 = -2*g + 4*s - 7*s. Suppose -t - b + d = g, -5*t = -5*b - 85. Is t prime?
False
Suppose 4*t = 306 + 38. Let g = -49 + t. Is g a prime number?
True
Suppose a - 3*a + 8 = 0, u = -2*a + 28. Let x(c) = -c**2 - 8*c - 5. Let o be x(-7). Suppose o*q + u = 3*q + z, 5*z = 5. Is q prime?
True
Let x(v) = 2*v - 3. Let u be x(2). Let g = u - -3. Suppose 232 = g*z - 84. Is z prime?
True
Let y be (4/12)/(2/54). Suppose -4*n = -y*n - 25, -3*i = -5*n - 94. Is i a composite number?
False
Suppose 576 = 2*o + 150. Is o a composite number?
True
Let p(x) = -128*x - 5. Is p(-2) composite?
False
Let w(v) be the first derivative of 7*v**3/3 - v**2 - v + 1. Is w(-4) a prime number?
False
Let b = 1506 - 335. Is b a composite number?
False
Let z = -3280 - -5613. Is z composite?
False
Let k(o) = -8*o - 2. Suppose -3*m = b - 4, 3*m - 2*b - 19 = -0*b. Suppose m*x + 9 = -3*z, 5*x + 0*z = -2*z - 15. Is k(x) composite?
True
Let y(f) = -31*f - 38. Is y(-7) a prime number?
True
Let q = 140 - 51. Is q a prime number?
True
Let u be 1714/(-4) + 1/2. Let w be (-1)/3 + (-44)/12. Is u/(-8) + 2/w a prime number?
True
Let w be 0/(-6) + 0 + 30. Is (20/w)/((-4)/(-9